.
8
Let i(y) = 313 - 4*y - 3*y**2 - 6*y + y**2 - 301. Give i(-9).
-60
Let m(r) be the third derivative of -r**5/60 - r**4/24 - r**3/6 - 634*r**2. What is m(0)?
-1
Let l(r) = r**2 + 38*r + 165. Let q be l(-5). Let t(u) = u + 61. Calculate t(q).
61
Let x(w) be the third derivative of w**6/60 - 11*w**5/10 + 8*w**4/3 - w**3/3 - 9596*w**2. Give x(32).
-2
Let o(t) = 20*t - 64. Suppose 0 = -2*r - 2*d + 3 + 7, -2*r = 4*d - 14. Let v be o(r). Let b(x) = -x**3 - 4*x**2 - 2*x - 1. Calculate b(v).
7
Let x(m) = -m**3 - 7*m**2 + 5*m - 2. Suppose 2*r = 7*p + 25, 38*r + 20 = 34*r. Determine x(p).
-77
Let w(u) = 19 + 383*u + 1 - 185*u - 205*u. Calculate w(14).
-78
Let i be 8/(-84) + (-103)/21. Let p(d) = -2*d**2 + 10*d + 6. Let f(k) = -3*k**2 + 15*k + 9. Let s(z) = i*f(z) + 8*p(z). What is s(4)?
7
Let u(a) be the second derivative of -a**3/6 - 6*a**2 + 63*a + 6. Give u(-4).
-8
Let t(f) = -3*f**2 - 11*f + 337. Let c be t(9). Let g(j) = 3*j - 6. Determine g(c).
-21
Let g(a) = -7*a**2 + 4*a - 3. Let f = 1 - -32. Suppose u - 10 = f*l - 31*l, u + 18 = -5*l. Determine g(u).
-23
Suppose -5*c + 25 = 0, -4*c = 5*j - 0*c - 40. Suppose -300 = -24*u + j*u. Let s(k) = k - 20. What is s(u)?
-5
Suppose -6*i + i = -5*j - 145, -5*i + 136 = -2*j. Let p = 53 + -29. Let o = i - p. Let z(w) = w**2 - 6*w + 3. Give z(o).
-5
Let t(p) = p**2 + p. Suppose -9*x + 240 + 111 = 0. Suppose -i = -5*u - 8 - 13, -5*u - x = -4*i. Give t(i).
42
Suppose 13*v + 12 = 19*v. Suppose -7 + 0 = 2*s + d, -22 = 5*s - v*d. Let g(j) be the third derivative of j**5/30 + j**4/4 + j**3/2 + 2*j**2. What is g(s)?
11
Suppose -263 = 5*g + 2*b - 179, 0 = 3*b + 6. Let c(f) = -2*f**2 - 23*f + 147. Let u be c(g). Let o(z) = -z**3 - z**2 + 1. Calculate o(u).
-35
Let t(d) = -17*d**3 - 1 + 399*d - 9*d**2 + 18*d**3 + 3 - 387*d. Determine t(7).
-12
Suppose -8*x = -158 - 202. Let u(t) = -3 + 23*t - x*t + 21*t + 4. Suppose -4*m - 5*h + 5 = -8, h = -m + 2. Give u(m).
4
Let o be -1 + 1 - (-2 - -1). Let g(f) = 2 - o - f - 6*f. Suppose -3*p + 8 = 40*q - 35*q, -3*p + 6 = 3*q. Calculate g(q).
-6
Let l(g) be the third derivative of g**6/120 - g**5/30 + g**4/8 - g**3/2 + 16260*g**2. Suppose 0 + 2 = x. Calculate l(x).
3
Let c(m) be the first derivative of m**3/3 + 5*m**2 - 6*m - 55. Let g be ((-8)/(-10))/2*-20. Give c(g).
-22
Let g(n) be the second derivative of -n**4/24 + 2*n**3/3 + n**2/2 + 5*n. Let v(i) be the first derivative of g(i). Let s = -15 - -25. Calculate v(s).
-6
Let l(m) be the first derivative of -m**4/4 - 2*m**3/3 - 3*m**2/2 - 9*m - 1713. Calculate l(-2).
-3
Suppose 11 = 13*x - 15. Let b(v) = 2 - 2*v + 495*v**2 - 496*v**x - 2*v. Let j(t) = -2*t + 1. Let o be j(3). Give b(o).
-3
Let k = -13200 + 13202. Let p(w) = w**2 + 5*w - 2. Give p(k).
12
Suppose -6*g + 2*g = 5*s - 280, 27 = s - 5*g. Suppose -7*q + s = 31. Let p(h) = -3*h - 1. Calculate p(q).
-10
Let o(x) = -41*x**3 + 2*x**2 + 5*x + 2. Let g be o(-1). Suppose 58*h - 53*h = -g. Let w(q) = q**2 + 10*q + 7. Calculate w(h).
-9
Let a(x) = -32*x - 161. Let z be a(-5). Let u be (z + (-1 - -11))*56/84. Let y(r) = r**2 - 5*r + 5. What is y(u)?
11
Let z(s) be the first derivative of s**5/20 - 5*s**4/6 + s**3/6 - 7*s**2/2 + 230*s - 130. Let a(w) be the first derivative of z(w). Give a(10).
3
Let j(i) = -3*i**3 - 3*i**2 - i + 3. Let k(w) = -2*w + 19. Let c be k(10). Let u be j(c). Let x(d) = d**3 - 3*d**2 + 3*d - 5. Calculate x(u).
23
Let k be (-489 - -491)*(1 - -1). Let i(p) = -1 + 1 + 2*p. What is i(k)?
8
Let j(d) = -21*d + 26. Let w(f) = 101*f - 100. Let x(n) = -9*j(n) - 2*w(n). What is x(-2)?
-8
Let v = -2474 + 2472. Let u(a) = -37*a - 3. Give u(v).
71
Let h(j) = -2*j**2 + j. Let i(b) = -15*b**2 - 5. Let f(v) = 7*h(v) - i(v). Determine f(-4).
-7
Let f(h) be the second derivative of -h**5/20 + h**4/12 + h**3/2 - 2*h**2 + 3*h. Suppose 0*s + s = 10. Suppose -34 = -8*t - s. Calculate f(t).
-13
Let b(g) be the second derivative of -g**4/12 + g**3/6 - 5*g**2 - g. Let v = -225 - -296. Let a = -71 + v. Give b(a).
-10
Let x(f) = 267*f + 1071. Let o be x(-4). Let a(l) be the first derivative of -2*l - 24 + l**o - 1/2*l**2. Give a(2).
8
Let o(t) = -13*t**2 + 6*t - 1 - 13*t**2 + 34*t**2. Let m be o(-2). Suppose m - 3 = -2*s. Let p(j) = -j**2 - 9*j - 3. Determine p(s).
5
Let q(y) = y**3 + 4*y**2 - 9*y + 3. Let s be 65*(-37)/(-481)*(0 - 1). Calculate q(s).
23
Let s be 489*(-3)/(-6) + (-13)/26. Let x = 253 - s. Let l(g) = 2*g**2 - 8*g - g**2 - 9 + 0*g. What is l(x)?
0
Let d(y) = 4*y. Let v(z) = -2*z**3 + 24*z**2 - 1. Suppose 711*m = 714*m - 36. Let k be v(m). Calculate d(k).
-4
Let p(g) = 11*g**3 + g**2 - 1. Let w(c) = -c**2 + 20*c - 14. Let n be w(19). Suppose n*r + 12 = 2. Let z(s) = s**2 + 3*s + 3. Let o be z(r). Calculate p(o).
11
Let h(g) = g**3 + 6*g**2 + 4*g - 2. Suppose d + 0*d - 32 = 4*c, -5*d + 4*c + 96 = 0. Let j = 23 - d. Suppose 14 + 14 = -j*p. Determine h(p).
14
Let g(w) be the first derivative of -39*w**2/2 + 624*w - 10534. Calculate g(16).
0
Suppose 0 = -133*q + 129*q - 20. Let b(m) = 4*m + 10. Let r(d) = d - 3. Let y(o) = o + 1. Let a(l) = r(l) - 4*y(l). Let u(s) = -7*a(s) - 5*b(s). What is u(q)?
-6
Let v(d) = 7*d**2 - 14*d + 1. Let o be v(3). Let l = 22 - o. Let i(s) = s**2 - 9. Determine i(l).
-9
Let m(g) = -3*g - 4. Suppose 86 + 64 = -2*l. Let n = l - -53. Let w = n + 26. Give m(w).
-16
Let o(g) = g - 40. Let x(p) = -23*p - 1156. Let r be x(-52). What is o(r)?
0
Let q = -2 + -1. Let l(o) = 2788*o**2 + 0 + 1 - 5567*o**2 + 2776*o**2. Determine l(q).
-26
Let h be 6/32*(-17)/(-663)*26. Let b(n) be the third derivative of 0*n + 0 + h*n**4 - 9*n**2 + 2/3*n**3. What is b(-3)?
-5
Let v(j) = j**3 + 21*j**2 + 19*j + 414. Let q be v(-21). Let w(n) = -3*n + 28. Calculate w(q).
-17
Let u(o) = -17*o**2 + o - 65. Let r(v) = -28*v**2 + 2*v - 127. Let f(n) = 3*r(n) - 5*u(n). What is f(-6)?
-26
Let m be (0 - 0) + 0 - -4. Suppose 8 = 9*k - 10. Suppose -m*l + 15 = 5*v - k*v, -3*l + 9 = 0. Let q(p) = -8*p**2 + 1. Determine q(v).
-7
Let j be 197*(-4)/(-52) - 6/39. Let z(q) = -5*q + 70. Calculate z(j).
-5
Let r be 114/(-8)*((-63)/27 + 1). Suppose r*x + 17 = 36*x. Let i(c) = -c**2 - 1. Determine i(x).
-2
Let b(f) = -f**2 + 12*f - 34. Let a be b(9). Let t(s) = -17*s + 45. Let z(y) = -12*y + 30. Let x(m) = a*z(m) + 5*t(m). Calculate x(7).
8
Suppose -419*w = 853 - 15. Let u(f) = -5*f**2 - 15*f - 9. Give u(w).
1
Let d = 1505 + -1509. Let f(z) = 2*z**2 + z + 2. Give f(d).
30
Let m(l) = -l + 7. Let n be ((-21)/(-35))/(3/25). Suppose -6*b - 18 = -3*k - 3*b, -n*b = -4*k + 27. Calculate m(k).
4
Suppose 5*m + r + 29 = m, -m + 3*r = 4. Let p(v) = -2*v**2 + 3*v + 115. Let l be p(m). Let n(d) = -3*d + 4 + 4*d + 0. What is n(l)?
0
Let g(k) = 476 - 426 - 4*k + 12*k. Let d be g(-7). Let h(a) = a**2 + 10*a + 2. What is h(d)?
-22
Let j = 11151 + -11150. Let z(o) = -6*o - 7. Determine z(j).
-13
Let k(t) = 8*t + 179 - 406 + 8*t. Give k(14).
-3
Let d(m) = m**2 + 2*m - 1. Let u(g) = g**2 - 4*g - 33. Let i(l) = -4*d(l) + u(l). Let x(v) = -2*v**2 - 8*v - 19. Let n(q) = 5*i(q) - 8*x(q). What is n(-7)?
28
Suppose 0 = 13*z - 24*z + 44. Suppose -4 = 4*m - z. Let a(s) = -s**3 - s**2 - s - 5. What is a(m)?
-5
Let t(h) = h**3 + 6*h**2 + 2*h - 5. Let k = 136 + -134. Suppose 8 = -k*v - 4. Calculate t(v).
-17
Let m(c) = -c - 3. Let r be 0 + (-3090)/7 + 84/196. Let d = r - -444. Give m(d).
-6
Let r(n) = -n**3 - 4*n**2 - n. Suppose 4*g + 2*j + 14 = 0, 11 = -g + 3*j - 6*j. Let a be r(g). Let w(f) = 4*f - 6. Determine w(a).
-30
Let p(t) = 2*t**2 - 16*t + 4. Let h be 1 + 372/31*1/2. Give p(h).
-10
Let a = -138 + 142. Suppose 0 = 5*u + 3*m, -a*m - 23 = u - 6. Let d(l) = -2*l + 372 - 376 + u*l. Calculate d(0).
-4
Let l(u) = -2*u**2 - 35*u + 40. Let z(v) = 2*v**3 - 103*v**2 - 153*v - 338. Let i be z(53). Give l(i).
-60
Let z(j) be the first derivative of -j**3/3 - j**2 + 28*j + 139. What is z(-4)?
20
Let t(w) = -18*w**2 - 1 - 142*w + 81*w + 16*w**2 + 32*w**3 + 59*w. Calculate t(-1).
-33
Suppose -135*n + 22 = -136*n. Let g be -6 + (11/n - (-25)/2). Let c(l) = -l + 3*l - 8 - 2*l**2 - 4*l**2 + l**3. What is c(g)?
4
Suppose -4*u - 119*a - 8 = -115*a, 4*u + 3*a = -9. Let q(p) = -1 + 4*p**3 - 3*p**3 + 0 + 5*p**2 + 7*p + 0*p**2. Determine q(u).
-4
Suppose -k + 2*i + 6 = 1, 0 = i + 1. Suppose 3*m = -2*q + 22, -m + 8*q - k*q - 4 = 0. Le